{"id":4545,"date":"2025-10-20T02:39:18","date_gmt":"2025-10-20T02:39:18","guid":{"rendered":"https:\/\/haigo.co.id\/mat\/?post_type=product&#038;p=4545"},"modified":"2025-10-20T02:39:18","modified_gmt":"2025-10-20T02:39:18","slug":"ic-f7010-ic-f7020-ic-f7040-series","status":"publish","type":"product","link":"https:\/\/haigo.co.id\/mat\/product\/ic-f7010-ic-f7020-ic-f7040-series\/","title":{"rendered":"IC-F7010\/IC-F7020\/IC-F7040 Series"},"content":{"rendered":"<h2 class=\"headline3 title\">General<\/h2>\n<div class=\"mod_cont mb1\">\n<div class=\"table_wrap border scroll-hint\">\n<table>\n<tbody>\n<tr>\n<th colspan=\"2\"><\/th>\n<th width=\"\">IC-F7010T\/S<\/th>\n<th width=\"\">IC-F7020T\/S<\/th>\n<th width=\"\">IC-F7040T\/S<\/th>\n<\/tr>\n<tr>\n<th colspan=\"2\" rowspan=\"2\" width=\"182\">Frequency coverage<br \/>\n(* Depends on the transceiver version)<\/th>\n<td colspan=\"1\" rowspan=\"2\">136 ~ 174 MHz<\/td>\n<td colspan=\"1\" rowspan=\"2\">380 ~ 470, 450 ~ 512 MHz<\/td>\n<td>USA<br \/>\n769 ~ 775 MHz (for RX\/TX);<br \/>\n799 ~ 805 MHz (for TX only),<br \/>\n851 ~ 869 MHz (for RX\/TX);<br \/>\n806 ~ 824 MHz (for TX only)<\/td>\n<\/tr>\n<tr>\n<td>EXP<br \/>\n764 ~ 776 MHz (for RX\/TX);<br \/>\n794 ~ 806 MHz (for TX only),<br \/>\n851 ~ 870 MHz (for RX\/TX);<br \/>\n806 ~ 825 MHz (for TX only)<\/td>\n<\/tr>\n<tr>\n<th colspan=\"2\">Number of channels<\/th>\n<td colspan=\"3\" rowspan=\"1\">1024 channels \/128 zones&nbsp;<\/p>\n<p>2000 channels (with ISL-P25CHEX)<\/td>\n<\/tr>\n<tr>\n<th colspan=\"2\">Type of emission<br \/>\n(* Depends on the transceiver version)<\/th>\n<td colspan=\"2\" rowspan=\"1\">16K0F3E*, 11K0F3E, 8K50F3E,\u00a08K10F1E\/F1D, 8K10F1W<\/td>\n<td>16K0F3E, 14K0F3E, 11K0F3E, 8K50F3E, 8K10F1E\/F1D, 8K10F1W<\/td>\n<\/tr>\n<tr>\n<th colspan=\"2\">Power supply requirement<\/th>\n<td colspan=\"3\" rowspan=\"1\">7.5 V DC nominal<\/td>\n<\/tr>\n<tr>\n<th rowspan=\"2\">Current drain (approximate)<\/th>\n<th>Tx<\/th>\n<td>1.5 A<\/td>\n<td>1.8 A<\/td>\n<td>1.6 A<\/td>\n<\/tr>\n<tr>\n<th>Rx<\/th>\n<td colspan=\"2\" rowspan=\"1\">560 mA \/150 mA<br \/>\n(Max. audio (internal SP)\/Standby)<\/td>\n<td>620 mA \/250 mA<br \/>\n(Max. audio (internal SP)\/Standby)<\/td>\n<\/tr>\n<tr>\n<th colspan=\"2\">Antenna impedance<\/th>\n<td colspan=\"3\" rowspan=\"1\">50 \u03a9<\/td>\n<\/tr>\n<tr>\n<th colspan=\"2\">Operating temperature range<\/th>\n<td colspan=\"3\" rowspan=\"1\">\u221230 \u00b0C to +60 \u00b0C;\u00a0\u221222 \u00b0F to +140 \u00b0F<br \/>\n(Radio specifications)<\/td>\n<\/tr>\n<tr>\n<th colspan=\"2\">Dimensions<br \/>\n(W \u00d7 H \u00d7 D, Projections not included)<\/th>\n<td colspan=\"3\" rowspan=\"1\">53.6 \u00d7 123.5 \u00d7 38.2 mm; 2.1 \u00d7 4.9 \u00d7 1.5 in<br \/>\n(With BP-284)<\/td>\n<\/tr>\n<tr>\n<th colspan=\"2\" rowspan=\"1\">Weight (approximate)<\/th>\n<td>355 g; 12.5 oz<br \/>\n(incl. BP-284, MB-133, FA-S81VS)<\/td>\n<td>355 g; 12.5 oz<br \/>\n(incl. BP-284, MB-133, FA-S81US)<\/td>\n<td>345 g, 12.2 oz<br \/>\n(incl. BP-284, MB-133, FA-S100U)<\/td>\n<\/tr>\n<\/tbody>\n<\/table>\n<div class=\"scroll-hint-icon-wrap\" data-target=\"scrollable-icon\"><\/div>\n<\/div>\n<\/div>\n<div class=\"mod_cont\">\n<p>* ISL-P25W required for 25 kHz bandwidth operation for USA versions.<\/p>\n<\/div>\n<h2 class=\"headline3 title\">Transmitter<\/h2>\n<div class=\"mod_cont\">\n<div class=\"table_wrap border scroll-hint\">\n<table>\n<tbody>\n<tr>\n<th><\/th>\n<th width=\"\">IC-F7010T\/S<\/th>\n<th width=\"\">IC-F7020T\/S<\/th>\n<th width=\"\">IC-F7040T\/S<\/th>\n<\/tr>\n<tr>\n<th>Output power<\/th>\n<td colspan=\"2\" rowspan=\"1\">5 W, 2 W, 1 W<\/td>\n<td>3 W, 2 W, 1 W<\/td>\n<\/tr>\n<tr>\n<th>Maximum frequency deviation<\/th>\n<td colspan=\"2\" rowspan=\"1\">\u00b15.0 kHz (@25 kHz), \u00b12.5 kHz (@12.5 kHz)<\/td>\n<td>\u00b15.0 kHz (@25 kHz),<br \/>\n\u00b14.0 kHz (@20 kHz),<br \/>\n\u00b12.5 kHz (@12.5 kHz)<\/td>\n<\/tr>\n<tr>\n<th>Frequency stability<\/th>\n<td colspan=\"3\" rowspan=\"1\">\u00b11.0 ppm<\/td>\n<\/tr>\n<tr>\n<th>Spurious emissions<\/th>\n<td colspan=\"2\" rowspan=\"1\">80 dB typ.<\/td>\n<td>70 dB min.<\/td>\n<\/tr>\n<tr>\n<th>FM hum and noise<\/th>\n<td colspan=\"3\" rowspan=\"1\">55 dB typ.<\/td>\n<\/tr>\n<tr>\n<th>Audio harmonic distortion<\/th>\n<td colspan=\"2\" rowspan=\"1\">0.5% typ. (AF 1 kHz, 40% deviation)<\/td>\n<td>1.5% typ. (AF 1kHz, 40% deviation)<\/td>\n<\/tr>\n<tr>\n<th>FSK error<\/th>\n<td colspan=\"2\" rowspan=\"1\">1% typ. (C4FM), 3% typ. (H-CPM)<\/td>\n<td>1% typical<\/td>\n<\/tr>\n<\/tbody>\n<\/table>\n<div class=\"scroll-hint-icon-wrap\" data-target=\"scrollable-icon\"><\/div>\n<\/div>\n<\/div>\n<h2 class=\"headline3 title\">Receiver<\/h2>\n<div class=\"mod_cont\">\n<div class=\"table_wrap border scroll-hint\">\n<table>\n<tbody>\n<tr>\n<th colspan=\"2\"><\/th>\n<th width=\"%\">IC-F7010T\/S<\/th>\n<th width=\"%\">IC-F7020T\/S<\/th>\n<th width=\"%\">IC-F7040T\/S<\/th>\n<\/tr>\n<tr>\n<th rowspan=\"2\" width=\"%\">Sensitivity<\/th>\n<th width=\"%\">Analog (12 dB SINAD)<\/th>\n<td>0.22 \u03bcV typ.<br \/>\n(@25\/12.5 kHz)<\/td>\n<td>0.23 \u03bcV typ.<br \/>\n(@25\/12.5 kHz)<\/td>\n<td>0.25 \u03bcV typ.<br \/>\n(@25\/20\/12.5 kHz)<\/td>\n<\/tr>\n<tr>\n<th>Digital (5% BER)<\/th>\n<td>0.22 \u03bcV typ.<br \/>\n(@C4FM, H-DQPSK)<\/td>\n<td>0.23 \u03bcV typ.<br \/>\n(@C4FM, H-DQPSK)<\/td>\n<td>0.25 \u03bcV typ.<br \/>\n(@C4FM, H-DQPSK)<\/td>\n<\/tr>\n<tr>\n<th rowspan=\"2\">Adjacent channel selectivity<\/th>\n<th>Analog\u00a0(wide \/ middle \/ Narrow)<\/th>\n<td>80\/57 dB typ.<br \/>\n(@25\/12.5 kHz, TIA-603B),<br \/>\n80\/76 dB typ.<br \/>\n(@25\/12.5 kHz, TIA-603)<\/td>\n<td>75\/55 dB typ.<br \/>\n(@25\/12.5 kHz, TIA-603B),<br \/>\n75\/72 dB typ.<br \/>\n(@25\/12.5 kHz, TIA-603)<\/td>\n<td>75\/75\/53 dB typ.<br \/>\n(@25\/20\/12.5 kHz, TIA-603B) ,<br \/>\n75\/75\/72 dB typ.<br \/>\n(@25\/20\/12.5 kHz, TIA-603)<\/td>\n<\/tr>\n<tr>\n<th>Digital<\/th>\n<td>63 dB typ.<br \/>\n(@C4FM, H-DQPSK, TIA-102)<\/td>\n<td>60 dB typ.<br \/>\n(@C4FM, H-DQPSK, TIA-102)<\/td>\n<td>60 dB typ.<br \/>\n(@C4FM, H-DQPSK, TIA-102)<\/td>\n<\/tr>\n<tr>\n<th colspan=\"2\">Spurious response rejection<\/th>\n<td>80 dB typ.<\/td>\n<td>76 dB typ.<\/td>\n<td>70 dB\u00a0typ.<\/td>\n<\/tr>\n<tr>\n<th rowspan=\"2\">Intermodulation rejection<\/th>\n<th>Analog<\/th>\n<td>75 dB typ.<\/td>\n<td>74 dB typ.<\/td>\n<td>70 dB\u00a0typ.<\/td>\n<\/tr>\n<tr>\n<th>Digital<\/th>\n<td>75 dB typ.<\/td>\n<td>74 dB typ.<\/td>\n<td>70 dB\u00a0\u00a0typ.<\/td>\n<\/tr>\n<tr>\n<th rowspan=\"2\">Audio output power<\/th>\n<th>Internal SP<\/th>\n<td colspan=\"3\" rowspan=\"1\">1300 mW typ. (at 5% distortion with 8 \u03a9 load)<\/td>\n<\/tr>\n<tr>\n<th>External SP<\/th>\n<td colspan=\"3\" rowspan=\"1\">1000 mW typ. (at 5% distortion with 8 \u03a9 load)<\/td>\n<\/tr>\n<\/tbody>\n<\/table>\n<\/div>\n<\/div>\n","protected":false},"excerpt":{"rendered":"<div class=\"elementor-element elementor-element-7857cfd elementor-widget elementor-widget-woocommerce-product-short-description\" data-id=\"7857cfd\" data-element_type=\"widget\" data-widget_type=\"woocommerce-product-short-description.default\">\n<div class=\"elementor-widget-container\">\n<div class=\"woocommerce-product-details__short-description\">\n<p>P25 Conventional and Trunking Smallest and Lightest of Its Class<\/p>\n<\/div>\n<\/div>\n<\/div>\n<div class=\"elementor-element elementor-element-64e522d elementor-widget elementor-widget-button\" data-id=\"64e522d\" data-element_type=\"widget\" data-widget_type=\"button.default\">\n<div class=\"elementor-widget-container\">\n<div class=\"elementor-button-wrapper\"><\/div>\n<\/div>\n<\/div>\n","protected":false},"featured_media":4546,"comment_status":"open","ping_status":"closed","template":"","meta":[],"product_brand":[36],"product_cat":[37,76],"product_tag":[],"class_list":{"0":"post-4545","1":"product","2":"type-product","3":"status-publish","4":"has-post-thumbnail","6":"product_brand-icom","7":"product_cat-icom","8":"product_cat-p25-radios","10":"first","11":"instock","12":"shipping-taxable","13":"product-type-simple"},"_links":{"self":[{"href":"https:\/\/haigo.co.id\/mat\/wp-json\/wp\/v2\/product\/4545","targetHints":{"allow":["GET"]}}],"collection":[{"href":"https:\/\/haigo.co.id\/mat\/wp-json\/wp\/v2\/product"}],"about":[{"href":"https:\/\/haigo.co.id\/mat\/wp-json\/wp\/v2\/types\/product"}],"replies":[{"embeddable":true,"href":"https:\/\/haigo.co.id\/mat\/wp-json\/wp\/v2\/comments?post=4545"}],"wp:featuredmedia":[{"embeddable":true,"href":"https:\/\/haigo.co.id\/mat\/wp-json\/wp\/v2\/media\/4546"}],"wp:attachment":[{"href":"https:\/\/haigo.co.id\/mat\/wp-json\/wp\/v2\/media?parent=4545"}],"wp:term":[{"taxonomy":"product_brand","embeddable":true,"href":"https:\/\/haigo.co.id\/mat\/wp-json\/wp\/v2\/product_brand?post=4545"},{"taxonomy":"product_cat","embeddable":true,"href":"https:\/\/haigo.co.id\/mat\/wp-json\/wp\/v2\/product_cat?post=4545"},{"taxonomy":"product_tag","embeddable":true,"href":"https:\/\/haigo.co.id\/mat\/wp-json\/wp\/v2\/product_tag?post=4545"}],"curies":[{"name":"wp","href":"https:\/\/api.w.org\/{rel}","templated":true}]}}