{"id":4534,"date":"2025-10-20T02:34:16","date_gmt":"2025-10-20T02:34:16","guid":{"rendered":"https:\/\/haigo.co.id\/mat\/?post_type=product&#038;p=4534"},"modified":"2025-10-20T02:34:16","modified_gmt":"2025-10-20T02:34:16","slug":"ip503h","status":"publish","type":"product","link":"https:\/\/haigo.co.id\/mat\/product\/ip503h\/","title":{"rendered":"IP503H"},"content":{"rendered":"<div class=\"mod_cont\">\n<div class=\"table_wrap border scroll-hint\">\n<table>\n<tbody>\n<tr>\n<th rowspan=\"2\">Network<\/th>\n<th>4G bands<\/th>\n<td>LTE B1, B3, B7, B8, B20 (EXP)<br \/>\nLTE B1, B3, B5, B7, B8, B28 (AUS)<\/td>\n<\/tr>\n<tr>\n<th>3G bands<\/th>\n<td>W-CDMA B1, B8 (EXP)<br \/>\nW-CDMA B1, B5 (AUS)<\/td>\n<\/tr>\n<tr>\n<th colspan=\"2\">Dimensions<br \/>\n(W \u00d7 H \u00d7 D; Projections not included)<\/th>\n<td>59 \u00d7 95 \u00d7 32 mm; 2.3 \u00d7 3.7 \u00d7 1.3 in<br \/>\n(with BP-272)<\/td>\n<\/tr>\n<tr>\n<th colspan=\"2\">Weight (approx.)<\/th>\n<td>240 g; 8.5 oz<br \/>\n(with BP-272 and antenna)<\/td>\n<\/tr>\n<tr>\n<th colspan=\"2\">Voice Codec<\/th>\n<td>G.726 (32 kbps)<\/td>\n<\/tr>\n<tr>\n<th rowspan=\"2\">AF output power<br \/>\n(8 \u03a9 at 10% distortion)<\/th>\n<th>Internal SP<\/th>\n<td>More than 900 mW<\/td>\n<\/tr>\n<tr>\n<th>External SP<\/th>\n<td>More than 200 mW<\/td>\n<\/tr>\n<tr>\n<th colspan=\"2\">Operating time*<sup>1<\/sup><br \/>\n(TX : RX : standby = 5 : 5 : 90)<\/th>\n<td>More than 17 hours (with BP-272)<\/td>\n<\/tr>\n<tr>\n<th colspan=\"2\">Bluetooth*<sup>2<\/sup><\/th>\n<td>Ver 2.1 +EDR<\/td>\n<\/tr>\n<tr>\n<th colspan=\"2\">GPS<\/th>\n<td>Built-in<\/td>\n<\/tr>\n<tr>\n<th colspan=\"2\">Operating temperature<\/th>\n<td>\u201310 \u00b0C to +60 \u00b0C; +14 \u00b0F to +140 \u00b0F<\/td>\n<\/tr>\n<tr>\n<th colspan=\"2\">IP rating<\/th>\n<td>IP67 (dust-tight and immersion)<br \/>\nIP55\/54 (dust and water jet \/ water resistance)<\/td>\n<\/tr>\n<\/tbody>\n<\/table>\n<p>&nbsp;<\/p>\n<p>&nbsp;<\/p>\n<p class=\"notes\"><sup>1<\/sup>Operating time may differ depending on operating environments.<\/p>\n<p class=\"notes\"><sup>2<\/sup>Version without Bluetooth also available. Ask your Dealer for details.<\/p>\n<p><strong>All stated specifications are subject to change without notice or obligation.<\/strong><\/p>\n<div class=\"scroll-hint-icon-wrap\" data-target=\"scrollable-icon\"><\/div>\n<\/div>\n<\/div>\n<h2 class=\"headline2 title\">Applicable U.S. Military Specifications<\/h2>\n<div class=\"mod_cont\">\n<div class=\"table_wrap border scroll-hint\">\n<table cellspacing=\"0\" cellpadding=\"0\">\n<tbody>\n<tr>\n<th colspan=\"1\" rowspan=\"2\">Standard<\/th>\n<td colspan=\"2\" rowspan=\"1\"><strong>MIL-810 G<\/strong><\/td>\n<\/tr>\n<tr>\n<td><strong>Method<\/strong><\/td>\n<td><strong>Procedure<\/strong><\/td>\n<\/tr>\n<tr>\n<th>Low Pressure<\/th>\n<td>500.5<\/td>\n<td>I, II<\/td>\n<\/tr>\n<tr>\n<th>High Temperature<\/th>\n<td>501.5<\/td>\n<td>I, II<\/td>\n<\/tr>\n<tr>\n<th>Low Temperature<\/th>\n<td>502.5<\/td>\n<td>I, II<\/td>\n<\/tr>\n<tr>\n<th>Temperature Shock<\/th>\n<td>503.5<\/td>\n<td>I-C<\/td>\n<\/tr>\n<tr>\n<th>Solar Radiation<\/th>\n<td>505.5<\/td>\n<td>I<\/td>\n<\/tr>\n<tr>\n<th>Rain Blowing\/Drip<\/th>\n<td>506.5<\/td>\n<td>I, III<\/td>\n<\/tr>\n<tr>\n<th>Dust Blowing<\/th>\n<td>510.5<\/td>\n<td>I<\/td>\n<\/tr>\n<tr>\n<th>Immersion<\/th>\n<td>512.5<\/td>\n<td>I<\/td>\n<\/tr>\n<tr>\n<th>Vibration<\/th>\n<td>514.6<\/td>\n<td>I<\/td>\n<\/tr>\n<tr>\n<th>Shock<\/th>\n<td>516.6<\/td>\n<td>I, IV<\/td>\n<\/tr>\n<\/tbody>\n<\/table>\n<p><strong>Also meets equivalent MIL-STD-810 -C, -D, -E and -F.<\/strong><\/p>\n<div class=\"scroll-hint-icon-wrap\" data-target=\"scrollable-icon\"><\/div>\n<\/div>\n<\/div>\n<h2 class=\"headline2 title\">Supplied Accessories<\/h2>\n<div class=\"mod_cont\">\n<ul class=\"disc\">\n<li>BP-272 Li-ion battery pack<\/li>\n<li>MB-135 belt clip<\/li>\n<li>Hand strap<\/li>\n<li>Antenna<\/li>\n<\/ul>\n<\/div>\n","protected":false},"excerpt":{"rendered":"<div class=\"elementor-element elementor-element-7857cfd elementor-widget elementor-widget-woocommerce-product-short-description\" data-id=\"7857cfd\" data-element_type=\"widget\" data-widget_type=\"woocommerce-product-short-description.default\">\n<div class=\"elementor-widget-container\">\n<div class=\"woocommerce-product-details__short-description\">\n<p>Instant Wide Area Coverage Over an LTE (4G) and 3G Network<\/p>\n<\/div>\n<\/div>\n<\/div>\n<div class=\"elementor-element elementor-element-64e522d elementor-widget elementor-widget-button\" data-id=\"64e522d\" data-element_type=\"widget\" data-widget_type=\"button.default\">\n<div class=\"elementor-widget-container\">\n<div class=\"elementor-button-wrapper\"><\/div>\n<\/div>\n<\/div>\n","protected":false},"featured_media":4535,"comment_status":"open","ping_status":"closed","template":"","meta":[],"product_brand":[36],"product_cat":[37,75],"product_tag":[],"class_list":{"0":"post-4534","1":"product","2":"type-product","3":"status-publish","4":"has-post-thumbnail","6":"product_brand-icom","7":"product_cat-icom","8":"product_cat-ip-radios","10":"first","11":"instock","12":"shipping-taxable","13":"product-type-simple"},"_links":{"self":[{"href":"https:\/\/haigo.co.id\/mat\/wp-json\/wp\/v2\/product\/4534","targetHints":{"allow":["GET"]}}],"collection":[{"href":"https:\/\/haigo.co.id\/mat\/wp-json\/wp\/v2\/product"}],"about":[{"href":"https:\/\/haigo.co.id\/mat\/wp-json\/wp\/v2\/types\/product"}],"replies":[{"embeddable":true,"href":"https:\/\/haigo.co.id\/mat\/wp-json\/wp\/v2\/comments?post=4534"}],"wp:featuredmedia":[{"embeddable":true,"href":"https:\/\/haigo.co.id\/mat\/wp-json\/wp\/v2\/media\/4535"}],"wp:attachment":[{"href":"https:\/\/haigo.co.id\/mat\/wp-json\/wp\/v2\/media?parent=4534"}],"wp:term":[{"taxonomy":"product_brand","embeddable":true,"href":"https:\/\/haigo.co.id\/mat\/wp-json\/wp\/v2\/product_brand?post=4534"},{"taxonomy":"product_cat","embeddable":true,"href":"https:\/\/haigo.co.id\/mat\/wp-json\/wp\/v2\/product_cat?post=4534"},{"taxonomy":"product_tag","embeddable":true,"href":"https:\/\/haigo.co.id\/mat\/wp-json\/wp\/v2\/product_tag?post=4534"}],"curies":[{"name":"wp","href":"https:\/\/api.w.org\/{rel}","templated":true}]}}