{"id":4516,"date":"2025-10-20T02:23:18","date_gmt":"2025-10-20T02:23:18","guid":{"rendered":"https:\/\/haigo.co.id\/mat\/?post_type=product&#038;p=4516"},"modified":"2025-10-20T02:23:18","modified_gmt":"2025-10-20T02:23:18","slug":"ic-g86","status":"publish","type":"product","link":"https:\/\/haigo.co.id\/mat\/product\/ic-g86\/","title":{"rendered":"IC-G86"},"content":{"rendered":"<h2 class=\"headline3 title\">General<\/h2>\n<div class=\"mod_cont\">\n<div class=\"table_wrap border scroll-hint\">\n<table>\n<tbody>\n<tr>\n<th colspan=\"2\">Frequency range<br \/>\n(TX\/RX guaranteed range)<\/th>\n<td colspan=\"2\" rowspan=\"1\">136\u2013174 MHz<br \/>\n(EX Hi power TX : 144\u2013160 MHz)<\/td>\n<\/tr>\n<tr>\n<th colspan=\"2\">Type of emissions<\/th>\n<td colspan=\"2\">F2D, F3E (FM, FM-N)<\/td>\n<\/tr>\n<tr>\n<th colspan=\"2\">Number of channels<\/th>\n<td colspan=\"2\">200 channels<\/td>\n<\/tr>\n<tr>\n<th colspan=\"2\">Antenna impedance<\/th>\n<td colspan=\"2\">50 \u03a9<\/td>\n<\/tr>\n<tr>\n<th colspan=\"2\">Power supply requirement<\/th>\n<td colspan=\"2\">7.5 V DC<\/td>\n<\/tr>\n<tr>\n<th colspan=\"2\">Operating temperature range<\/th>\n<td colspan=\"2\">\u201320\u02daC to +60\u02daC, \u20134\u00b0F to +140\u00b0F<\/td>\n<\/tr>\n<tr>\n<th colspan=\"2\">Frequency stability<\/th>\n<td colspan=\"2\">\u00b12.5 ppm (\u201320\u02daC to +60\u02daC, \u20134\u00b0F to +140\u00b0F)<\/td>\n<\/tr>\n<tr>\n<th rowspan=\"2\" width=\"69\">Current drain(For the transceiver\u00a0 with a \u201cU\u201d mark on the serial number label.)<\/th>\n<th width=\"135\">TX<br \/>\n(EX Hi\/Hi\/Mid\/Low)<\/th>\n<td colspan=\"2\" rowspan=\"1\">1.6\/1.4\/1.0\/0.5 A typical<br \/>\nEXP1: 1.6\/1.5\/1.0\/0.5 A typ.<br \/>\nEXP2: 1.6\/1.4\/0.9\/0.5 A typ.<\/td>\n<\/tr>\n<tr>\n<th>RX<br \/>\n(Max. audio)<\/th>\n<td colspan=\"2\" rowspan=\"1\" height=\"18\">450 mA typ. (INT SP),<br \/>\n190 mA typ. (EXT SP, Single end)<br \/>\n450 mA typ. (EXT SP, BTL)<\/td>\n<\/tr>\n<tr>\n<th colspan=\"2\">Dimensions (W\u00d7H\u00d7D) (Projections not included)<\/th>\n<td colspan=\"2\">58.6 \u00d7 112 \u00d7 30.5 mm, 2.3 \u00d7 4.4 \u00d7 1.2 in (with BP-298)<\/td>\n<\/tr>\n<tr>\n<th colspan=\"2\">Weight (Approximate)<\/th>\n<td colspan=\"2\" rowspan=\"1\" nowrap=\"nowrap\">300 g, 10.6 oz (with BP-298, FA-B57V)<\/td>\n<\/tr>\n<\/tbody>\n<\/table>\n<div class=\"scroll-hint-icon-wrap\" data-target=\"scrollable-icon\"><\/div>\n<\/div>\n<\/div>\n<h2 class=\"headline3 title\">Transmitter<\/h2>\n<div class=\"mod_cont\">\n<div class=\"table_wrap border scroll-hint\">\n<table>\n<tbody>\n<tr>\n<th>Output power<\/th>\n<td colspan=\"2\" rowspan=\"1\">7.0\/5.5\/2.5\/0.5 W (EX Hi\/Hi\/Mid\/Low)<\/td>\n<\/tr>\n<tr>\n<th>Maximum frequency deviation<\/th>\n<td colspan=\"2\">\u00b15.0 kHz\/\u00b12.5 kHz (Wide\/Narrow)<\/td>\n<\/tr>\n<tr>\n<th>Spurious emissions<\/th>\n<td colspan=\"2\">\u201380 dB typical<\/td>\n<\/tr>\n<tr>\n<th>External microphone connector<\/th>\n<td colspan=\"2\">3-conductor 2.5 (d) mm (1\/10\u2033)\/2.2 k\u03a9<\/td>\n<\/tr>\n<\/tbody>\n<\/table>\n<div class=\"scroll-hint-icon-wrap\" data-target=\"scrollable-icon\"><\/div>\n<\/div>\n<\/div>\n<h2 class=\"headline3 title\">Receiver<\/h2>\n<div class=\"mod_cont\">\n<div class=\"table_wrap border scroll-hint\">\n<table>\n<tbody>\n<tr>\n<th colspan=\"2\">Sensitivity<\/th>\n<td colspan=\"2\" rowspan=\"1\">\u2013124 dBm typical<\/td>\n<\/tr>\n<tr>\n<th colspan=\"2\">Squelch sensitivity<\/th>\n<td colspan=\"2\" rowspan=\"1\">\u2013126 dBm typical<\/td>\n<\/tr>\n<tr>\n<th colspan=\"2\">Selectivity (Wide\/Narrow)<\/th>\n<td colspan=\"2\" rowspan=\"1\">75 dB typical\/70 dB typical<\/td>\n<\/tr>\n<tr>\n<th colspan=\"2\">Intermodulation<\/th>\n<td colspan=\"2\">65 dB typical<\/td>\n<\/tr>\n<tr>\n<th rowspan=\"2\" width=\"120\">Audio output power<br \/>\n(5% distortion with 8 \u03a9 load)(For the transceiver\u00a0 with a \u201cU\u201d mark on the serial number label.)<\/th>\n<th width=\"78\">Internal SP<\/th>\n<td colspan=\"2\">1500 mW typical<\/td>\n<\/tr>\n<tr>\n<th>External SP<\/th>\n<td colspan=\"2\">450 mW typical (single end)<br \/>\n1500 mW typical (BTL, HM-222HLWP connected)<\/td>\n<\/tr>\n<tr>\n<th colspan=\"2\">External speaker connector<\/th>\n<td colspan=\"2\">3-conductor 3.5 (d) mm (1\u20448\u2033)\/ 8 \u03a9<\/td>\n<\/tr>\n<\/tbody>\n<\/table>\n<p>All stated specifications are subject to change without notice or obligation.<\/p>\n<div class=\"scroll-hint-icon-wrap\" data-target=\"scrollable-icon\"><\/div>\n<\/div>\n<\/div>\n<h2 class=\"headline2 title\">Applicable U.S. Military Specifications<\/h2>\n<div class=\"mod_cont\">\n<div class=\"table_wrap border scroll-hint\">\n<table cellspacing=\"0\" cellpadding=\"0\">\n<tbody>\n<tr>\n<th rowspan=\"2\" width=\"212\">Standard<\/th>\n<th colspan=\"2\"><center>MIL-810 G<\/center><\/th>\n<\/tr>\n<tr>\n<th width=\"172\"><center>Method<\/center><\/th>\n<th width=\"149\"><center>Procedure<\/center><\/th>\n<\/tr>\n<tr>\n<th>Low Pressure<\/th>\n<td>500.5<\/td>\n<td>I, II<\/td>\n<\/tr>\n<tr>\n<th>High Temperature<\/th>\n<td>501.5<\/td>\n<td>I, II<\/td>\n<\/tr>\n<tr>\n<th>Low Temperature<\/th>\n<td>502.5<\/td>\n<td>I, II<\/td>\n<\/tr>\n<tr>\n<th>Temperature Shock<\/th>\n<td>503.5<\/td>\n<td>I-C<\/td>\n<\/tr>\n<tr>\n<th>Solar Radiation<\/th>\n<td>505.5<\/td>\n<td>I<\/td>\n<\/tr>\n<tr>\n<th>Rain Blowing\/Drip<\/th>\n<td>506.5<\/td>\n<td>I, III<\/td>\n<\/tr>\n<tr>\n<th>Humidity<\/th>\n<td>507.5<\/td>\n<td>II<\/td>\n<\/tr>\n<tr>\n<th>Salt Fog<\/th>\n<td>509.5<\/td>\n<td>\u2013<\/td>\n<\/tr>\n<tr>\n<th>Dust Blowing<\/th>\n<td>510.5<\/td>\n<td>I<\/td>\n<\/tr>\n<tr>\n<th>Vibration<\/th>\n<td>514.6<\/td>\n<td>I<\/td>\n<\/tr>\n<tr>\n<th>Shock<\/th>\n<td>516.6<\/td>\n<td>I, IV<\/td>\n<\/tr>\n<\/tbody>\n<\/table>\n<p>Also meets equivalent MIL-STD-810-C, -D, -E and -F.<\/p>\n<div class=\"scroll-hint-icon-wrap\" data-target=\"scrollable-icon\"><\/div>\n<\/div>\n<\/div>\n<h2 class=\"headline2 title\">Applicable IP Rating<\/h2>\n<div class=\"mod_cont\">\n<div class=\"table_wrap border scroll-hint\">\n<table cellspacing=\"0\" cellpadding=\"0\">\n<tbody>\n<tr>\n<th colspan=\"3\">Ingress Protection Standard<\/th>\n<\/tr>\n<tr>\n<th width=\"210\">Dust and Water<\/th>\n<td width=\"323\">IP54 (Dust-protection, water resistance)<\/td>\n<\/tr>\n<\/tbody>\n<\/table>\n<p>&nbsp;<\/p>\n<p><strong>All stated specifications are subject to change without notice or obligation<\/strong><\/p>\n<div class=\"scroll-hint-icon-wrap\" data-target=\"scrollable-icon\"><\/div>\n<\/div>\n<\/div>\n<h2 class=\"headline2 title\">Supplied Accessories<\/h2>\n<div class=\"mod_cont\">\n<ul class=\"disc\">\n<li>BP-298, battery pack<\/li>\n<li>BC-240, desktop charger<\/li>\n<li>BC-242, AC adapter<\/li>\n<li>MB-124, belt clip<\/li>\n<li>FA-B57V, antenna<\/li>\n<\/ul>\n<\/div>\n","protected":false},"excerpt":{"rendered":"<div class=\"elementor-element elementor-element-7857cfd elementor-widget elementor-widget-woocommerce-product-short-description\" data-id=\"7857cfd\" data-element_type=\"widget\" data-widget_type=\"woocommerce-product-short-description.default\">\n<div class=\"elementor-widget-container\">\n<div class=\"woocommerce-product-details__short-description\">\n<p>More Distance, Louder and Clearer Audio\u2013 Reliable Radio Communication Tool<\/p>\n<\/div>\n<\/div>\n<\/div>\n<div class=\"elementor-element elementor-element-64e522d elementor-widget elementor-widget-button\" data-id=\"64e522d\" data-element_type=\"widget\" data-widget_type=\"button.default\">\n<div class=\"elementor-widget-container\">\n<div class=\"elementor-button-wrapper\"><\/div>\n<\/div>\n<\/div>\n","protected":false},"featured_media":4517,"comment_status":"open","ping_status":"closed","template":"","meta":[],"product_brand":[36],"product_cat":[73,37],"product_tag":[],"class_list":{"0":"post-4516","1":"product","2":"type-product","3":"status-publish","4":"has-post-thumbnail","6":"product_brand-icom","7":"product_cat-analog-radios","8":"product_cat-icom","10":"first","11":"instock","12":"shipping-taxable","13":"product-type-simple"},"_links":{"self":[{"href":"https:\/\/haigo.co.id\/mat\/wp-json\/wp\/v2\/product\/4516","targetHints":{"allow":["GET"]}}],"collection":[{"href":"https:\/\/haigo.co.id\/mat\/wp-json\/wp\/v2\/product"}],"about":[{"href":"https:\/\/haigo.co.id\/mat\/wp-json\/wp\/v2\/types\/product"}],"replies":[{"embeddable":true,"href":"https:\/\/haigo.co.id\/mat\/wp-json\/wp\/v2\/comments?post=4516"}],"wp:featuredmedia":[{"embeddable":true,"href":"https:\/\/haigo.co.id\/mat\/wp-json\/wp\/v2\/media\/4517"}],"wp:attachment":[{"href":"https:\/\/haigo.co.id\/mat\/wp-json\/wp\/v2\/media?parent=4516"}],"wp:term":[{"taxonomy":"product_brand","embeddable":true,"href":"https:\/\/haigo.co.id\/mat\/wp-json\/wp\/v2\/product_brand?post=4516"},{"taxonomy":"product_cat","embeddable":true,"href":"https:\/\/haigo.co.id\/mat\/wp-json\/wp\/v2\/product_cat?post=4516"},{"taxonomy":"product_tag","embeddable":true,"href":"https:\/\/haigo.co.id\/mat\/wp-json\/wp\/v2\/product_tag?post=4516"}],"curies":[{"name":"wp","href":"https:\/\/api.w.org\/{rel}","templated":true}]}}